 c be -1*1*-4 - 1. Let j(i) = 2*i**2 - 3. Let b be j(c). What is the units digit of -2 + b/1*2?
8
Let s(r) = 337*r**2 + 41*r + 4. What is the tens digit of s(3)?
6
Suppose -11*s - 4725 = -18959. What is the units digit of s?
4
Let r(t) = 9*t**2 - t. Suppose 0 = -4*j + 3*j + 2. Suppose 6 - 4 = j*s. What is the units digit of r(s)?
8
What is the tens digit of 8/(-12)*3309/(-2)?
0
What is the hundreds digit of ((-5619)/5)/((-31)/155)?
6
Let x(u) = -u**3 - 4*u**2 + 5*u + 9. Let a be -4 - (-4)/((-8)/4). What is the units digit of x(a)?
1
Suppose -2*o + 3*o - 112 = 0. Let b be 27/2*o/(-12). What is the units digit of b*(-1 + 6)/(-10)?
3
What is the units digit of (613/(-2))/((-44)/88)?
3
Suppose -4*h - 38 = 3*y, -4*y - 27 + 3 = 2*h. Suppose 5*z = -k + 3*k + 67, -4*z = 3*k - 72. Let x = z + h. What is the units digit of x?
7
Let h(f) = -f**3 + 9*f**2 + 6*f + 10. Let q be h(6). Let c = q + -93. What is the units digit of c?
1
Suppose r + 0 = 1. What is the units digit of (-1 + (12 - -3))/r?
4
Let z(m) = -18*m - 1. Let l(h) = 2*h**3 + 4*h**2 + 5*h + 5. Let v be l(-2). What is the tens digit of z(v)?
8
Suppose -2*p = -3*q - 216, 216 = -3*p + 5*p + 2*q. What is the hundreds digit of p?
1
Let t(r) = -r**2 - 10*r - 3. Suppose -3*l = -7*l - 4. Let c(u) = 8*u**3 - u**2. Let o be c(l). What is the units digit of t(o)?
6
Let d = -355 - -495. What is the units digit of d?
0
Let g = 11 - 5. Let c be (-24)/(-10) + 2/(-5). Suppose c*n + g = 30. What is the tens digit of n?
1
Suppose 0 = -4*c + c + 6. Suppose 0 = c*q - 4*s - 142, -144 = -2*q + 2*s - 0*s. What is the units digit of q?
3
What is the tens digit of -2*(-5)/(-10) - -1046?
4
Let i(r) = r**2 + 6*r + 11. Let f be i(-4). Suppose 4*h + 4*g - 128 = 0, 0*h - 86 = -f*h - 5*g. What is the units digit of h?
7
Suppose 155 = 8*g - 3*g. Suppose -21*d = -20*d + g. Let a = 40 + d. What is the units digit of a?
9
Let d(r) = r**3 + 7*r**2 + 8*r + 14. Let h be d(-6). Suppose h*z + 0*z = -48. What is the tens digit of 1*15*z/(-9)?
4
Let f(j) = 2*j + 6 + 0*j + j**2 + 0*j. Let v = -23 - -23. What is the units digit of f(v)?
6
Let p = 9530 - 6634. What is the tens digit of p?
9
Let b = -2055 + 3573. What is the units digit of b?
8
Let l(x) be the third derivative of 1/4*x**4 - 1/120*x**6 + 1/10*x**5 + 1/2*x**3 + 0 + 0*x + 11*x**2. What is the tens digit of l(5)?
5
Let g = 421 + 119. What is the tens digit of g?
4
Let x = 452 - -655. What is the units digit of x?
7
Let g(n) = -7*n**2 - 11*n + 8. Let k(i) = -15*i**2 - 21*i + 15. Let u(s) = -5*g(s) + 2*k(s). What is the tens digit of u(-6)?
9
Let j(q) = 14*q - 9. Let y be j(6). Suppose -2*k = f - 129, -f + 5*k + 68 + y = 0. What is the hundreds digit of f?
1
Let i(x) = 83*x + 46. What is the units digit of i(17)?
7
Let o(l) = 16*l**2 - 20*l + 250. What is the tens digit of o(12)?
1
Suppose -3*f + 55 = 5*y, 14 = 4*y - 4*f - 62. Suppose y = -h - 10. Let n = -18 - h. What is the units digit of n?
6
What is the tens digit of (-3)/1*53186/(-174)?
1
Suppose -3*s + 2*n = -77, -n - 140 = -2*s - 3*s. Suppose 32*w - 51 = s*w. What is the units digit of w?
7
Let p(r) = -r**3 + 5*r**2 + 2*r - 4. Let n be p(6). Let a = 2 - n. What is the tens digit of a?
3
Let t = -2 - 16. Let i = -14 - t. Suppose -7*n + 100 = -2*n - s, i*s = 20. What is the units digit of n?
1
What is the hundreds digit of (((-220)/30)/(-11))/(2/7314)?
4
Suppose -222 = -4*d + 318. What is the units digit of d?
5
Suppose 4*v + v = 0, v = 3*l - 684. Let s = l + -123. What is the hundreds digit of s?
1
Suppose 9*m = 21*m - 18444. What is the tens digit of m?
3
Suppose 7*i = 22*i - 31605. What is the thousands digit of i?
2
Let m = 6979 + -4784. What is the thousands digit of m?
2
Let f(w) be the second derivative of w**4/12 - 7*w**3/6 + 3*w**2 + 4*w. Let a be f(7). What is the units digit of -85*(-4)/40*a?
1
Let n = 176 - -185. Suppose 2*w - n = 257. What is the tens digit of w?
0
Let c = 2774 + -1115. What is the tens digit of c?
5
Let n(m) = -5*m**2 - 5*m - 10. Let f(x) = -4*x**2 - 6*x - 9. Let p(v) = 6*f(v) - 5*n(v). Let a be p(12). Let z = a + 15. What is the units digit of z?
3
Let o = 150 - 100. Suppose -2*d + 74 + o = 0. What is the tens digit of d?
6
Let s be (147/(-35))/((-2)/(-10)). Let n = s - -51. What is the units digit of n?
0
Let i = -8 - -2. Let o(b) = 3*b + 4. Let w be o(i). Let z = w - -31. What is the tens digit of z?
1
Let b be 1*(-7 + 1 + 2). Let m be (-3 - 10/b)*-2. Suppose 4*g + g = -4*f + 116, -m = f. What is the tens digit of g?
2
Let z be -4*3/(-1 + 4). What is the units digit of z/(32/28)*-22?
7
Suppose -94*p + 87745 = -59*p. What is the hundreds digit of p?
5
Suppose 5 = -5*s, -3*v = -25*s + 29*s - 173. What is the units digit of v?
9
Let m = -1 + 4. Suppose -4*l - 50 - 70 = 0. What is the tens digit of l*(m - 4) + 2?
3
Let d(v) = -326*v**3 - 5*v**2 - 14*v + 3. What is the tens digit of d(-2)?
1
Let t(r) be the third derivative of -r**4/12 + 22*r**3/3 + 9*r**2. What is the units digit of t(7)?
0
Suppose -1332 = -2*u + 2*y, u + y - 937 = -261. What is the tens digit of u?
7
What is the tens digit of (-793)/4*-2 + (-9)/(-6)?
9
Suppose -20 = -4*a + s - 5*s, 0 = -2*a - 3*s + 12. Suppose a*h - 521 = x, 3*x = h - x - 170. What is the hundreds digit of h?
1
Let m(a) be the first derivative of -a**3/3 - 17*a**2/2 - 6*a - 1. Let i be m(-11). Suppose i = t + 2*t. What is the tens digit of t?
2
Suppose 0 = -7*j - 5*j. What is the hundreds digit of 1 - (j + 2) - -210?
2
Let z(t) = t**2 - t + 4. Let d be z(0). What is the tens digit of 168/5 + d/10?
3
Let w be 2 + (-2 - -2) + -2. Suppose n - 2 - 2 = w. Suppose 2*c + 4*j - 46 = 0, -5*c - n*j + 115 = -j. What is the units digit of c?
3
Suppose -2*i = -5*y + 130, 0 = -y - 3*i + 5*i + 26. Let z = y - 3. What is the tens digit of z?
2
Suppose -5*a + 5528 = -2*s, -12*a + 4*s + 1120 = -11*a. What is the hundreds digit of a?
1
Suppose 48*t - 58*t = -10910. What is the hundreds digit of t?
0
Let m(z) = -z**2 + 4*z + 7. Let h be m(8). Let g = h + 30. Suppose -g*a + a = -276. What is the units digit of a?
9
Suppose 2*q + 5*h - 302 = 405, 3*q - 1071 = 3*h. What is the tens digit of q?
5
Suppose -103*z + 105*z + 4*t - 8944 = 0, 4*z - 3*t - 17855 = 0. What is the hundreds digit of z?
4
Let n(l) = -3*l**3 + 2*l**2 - 4*l + 12. Let t be n(-5). Suppose 0 = 2*y + c + 2*c - 229, 5*c - t = -4*y. What is the units digit of y?
3
Suppose 5*q + 4*h - 3264 = 0, -4*q + 654 = -3*q + 2*h. What is the tens digit of q?
5
What is the hundreds digit of 4/14 - (-18336)/112?
1
Let y = -81 - -25. Let w be y/(-30) - 16/(-120). Suppose -2*o = 2*o + 16, 58 = 2*r + w*o. What is the tens digit of r?
3
Suppose 3*v + 139 + 212 = 4*k, 2*k - 3*v = 183. Let s be k*14/16*2. What is the units digit of s/7 - (-2)/(-1)?
9
Let k be 3 - 0 - (-6 + 1). Suppose -2*w - 154 = -4*w - 3*t, 0 = -2*t + k. Suppose -2*x - 4*p - 6 + 34 = 0, 0 = -4*x - 5*p + w. What is the tens digit of x?
2
Suppose 8280 = 7*k + k. What is the hundreds digit of k?
0
Suppose 0 = 3*w - d - 2843 + 263, 4*d = -2*w + 1734. Suppose 4*j - 4*r - 1121 = -269, -4*j - 5*r = -w. What is the hundreds digit of j?
2
Suppose -2*w = -130 - 5022. What is the thousands digit of w?
2
Suppose 5*r - 5206 = d, 2*d + 2076 = -9*r + 11*r. What is the tens digit of r?
4
Let j be (-1 + 0/1)/((-5)/315). Let f = j + -50. What is the tens digit of f?
1
Suppose 3*f - 192 = -0*f - 2*n, f = -n + 64. Let l = -17 + f. What is the units digit of l?
7
Let x be 485/10*(0/(-1) - -6). Suppose -5*v = -99 - x. What is the units digit of v?
8
Let x be (-244)/10 - 2/(-5). Let f = -40 - x. Let c = 2 - f. What is the units digit of c?
8
Let c = -6 - -4. Let a(v) be the third derivative of -v**6/30 - v**5/60 + v**4/6 - 20*v**2. What is the tens digit of a(c)?
2
Let o(f) = -f**3 - 3*f**2 - f + 2. Let i be o(-2). What is the tens digit of (160 - i)*(-4)/(-10)?
6
Let o(w) = w**2 + 7*w + 12. Let j be o(-7). Let h(k) = k**3 + 5 + k + 6 - 5 - j*k**2 + 4. What is the units digit of h(12)?
2
Suppose 3*h + 2 = 5, 3*b - 412 = 2*h. What is the hundreds digit of b?
1
Let k = -2313 - -6090. What is the units digit of k?
7
Suppose -55730 - 11607 = -17*o. What is the tens digit of o?
6
Suppose 5*n - 35 = 2*g, -2*n + 3*g + 26 - 1 = 0. Suppose y + n*r - 27 = 27, r = 5*y - 140. Let t = y - 18. What is